ist the prime factors of 1306297884.
2, 3, 17, 41, 47, 3323
List the prime factors of 2000782118.
2, 19, 53, 993437
What are the prime factors of 534056711?
23, 1009559
What are the prime factors of 2368450327?
37, 443, 144497
List the prime factors of 5740105142.
2, 31, 4973, 18617
List the prime factors of 450045577.
23, 29, 674731
List the prime factors of 2334506053.
11, 212227823
List the prime factors of 52173371.
2389, 21839
What are the prime factors of 1655937210?
2, 3, 5, 19, 23, 126311
What are the prime factors of 5166332058?
2, 3, 229, 3760067
What are the prime factors of 7126378?
2, 7, 509027
What are the prime factors of 640141222?
2, 7, 17, 47, 89, 643
List the prime factors of 56186977.
7, 11, 104243
List the prime factors of 2010359907.
3, 53, 4214591
What are the prime factors of 29225543?
29225543
What are the prime factors of 100552135?
5, 29, 349, 1987
What are the prime factors of 5171894?
2, 7, 13, 157, 181
What are the prime factors of 317845752?
2, 3, 7, 38611
What are the prime factors of 979040837?
979040837
What are the prime factors of 240726759?
3, 7, 13, 103, 1223
What are the prime factors of 163070399?
5503, 29633
List the prime factors of 53057084.
2, 13264271
List the prime factors of 471332178.
2, 3, 349, 75029
What are the prime factors of 449551?
101, 4451
What are the prime factors of 40309671?
3, 79, 283, 601
What are the prime factors of 408378672?
2, 3, 13, 24239
List the prime factors of 1239398133.
3, 311, 617, 2153
List the prime factors of 79730027.
13, 89, 137, 503
List the prime factors of 479667105.
3, 5, 29, 367561
List the prime factors of 1396841474.
2, 7, 23, 353, 12289
List the prime factors of 134555815.
5, 19, 43, 32939
What are the prime factors of 3643182485?
5, 21521, 33857
What are the prime factors of 162726879?
3, 7, 7748899
What are the prime factors of 3707192319?
3, 31, 37, 359, 3001
What are the prime factors of 42171510?
2, 3, 5, 29, 48473
List the prime factors of 22867061.
7, 263, 12421
What are the prime factors of 50888486?
2, 11, 210283
List the prime factors of 798868380.
2, 3, 5, 13314473
List the prime factors of 2555364086.
2, 11, 4759, 24407
List the prime factors of 40164061.
7, 71, 211, 383
List the prime factors of 11296198.
2, 137, 41227
List the prime factors of 35230279.
7, 5032897
List the prime factors of 38351548.
2, 1873, 5119
List the prime factors of 460354439.
19, 29, 835489
What are the prime factors of 57996172?
2, 13, 29, 38459
What are the prime factors of 70221269?
59, 991, 1201
List the prime factors of 150377908.
2, 2797, 13441
What are the prime factors of 412143120?
2, 3, 5, 190807
List the prime factors of 762767760.
2, 3, 5, 3178199
What are the prime factors of 150753560?
2, 5, 3768839
List the prime factors of 7427015.
5, 223, 6661
List the prime factors of 2126395929.
3, 7, 101256949
List the prime factors of 544008192.
2, 3, 7, 13, 139
List the prime factors of 785441266.
2, 19, 1361, 15187
List the prime factors of 343402155.
3, 5, 683, 11173
What are the prime factors of 149155285?
5, 101, 295357
List the prime factors of 1011561597.
3, 23, 61, 80111
List the prime factors of 446349493.
41, 1259, 8647
List the prime factors of 50425388.
2, 13, 969719
What are the prime factors of 6447545269?
11, 1499, 391021
What are the prime factors of 433907431?
47, 9232073
List the prime factors of 176810684.
2, 44202671
What are the prime factors of 664821107?
664821107
What are the prime factors of 435176734?
2, 217588367
List the prime factors of 242580944.
2, 991, 15299
What are the prime factors of 11820526?
2, 1693, 3491
List the prime factors of 82233009.
3, 29, 105023
List the prime factors of 29537584.
2, 1846099
List the prime factors of 70942247.
2647, 26801
What are the prime factors of 22030078?
2, 7, 1573577
What are the prime factors of 69957441?
3, 883, 8803
List the prime factors of 39167272.
2, 4895909
List the prime factors of 46191124.
2, 7, 131, 257
What are the prime factors of 34908683?
1523, 22921
What are the prime factors of 29225075?
5, 11, 106273
List the prime factors of 149291992.
2, 18661499
What are the prime factors of 2246694466?
2, 17, 41, 1611689
What are the prime factors of 1216874692?
2, 11, 109, 487, 521
List the prime factors of 47246520.
2, 3, 5, 393721
What are the prime factors of 54624608?
2, 103, 16573
What are the prime factors of 218747561?
3371, 64891
What are the prime factors of 522178232?
2, 83, 157, 5009
What are the prime factors of 3014835293?
3014835293
List the prime factors of 588508068.
2, 3, 113, 131, 3313
List the prime factors of 13133288.
2, 7, 29, 8087
List the prime factors of 73688433.
3, 7, 13, 47, 5743
What are the prime factors of 348956303?
139, 2510477
List the prime factors of 2435552286.
2, 3, 8011, 50671
List the prime factors of 10581425.
5, 423257
What are the prime factors of 467233027?
311, 541, 2777
What are the prime factors of 658620651?
3, 13, 2719, 6211
What are the prime factors of 228685736?
2, 28585717
What are the prime factors of 12717896?
2, 23, 69119
What are the prime factors of 135300214?
2, 7, 23, 18269
List the prime factors of 205583785.
5, 11, 31, 120577
What are the prime factors of 315427694?
2, 6761, 23327
List the prime factors of 2468444445.
3, 5, 173, 317077
What are the prime factors of 17083478?
2, 953, 8963
List the prime factors of 25907483.
7, 3701069
What are the prime factors of 1437600245?
5, 287520049
What are the prime factors of 100519692?
2, 3, 7, 13, 92051
What are the prime factors of 438142106?
2, 1009, 217117
List the prime factors of 446939963.
107, 1601, 2609
What are the prime factors of 1998132454?
2, 19, 52582433
What are the prime factors of 35960854?
2, 41, 59, 7433
List the prime factors of 19402065.
3, 5, 143719
List the prime factors of 3863767844.
2, 965941961
List the prime factors of 1657566104.
2, 107, 139, 13931
List the prime factors of 284085186.
2, 3, 7, 11, 37, 16619
What are the prime factors of 230087950?
2, 5, 4601759
What are the prime factors of 964119764?
2, 241029941
What are the prime factors of 87461996?
2, 2087, 10477
What are the prime factors of 114972490?
2, 5, 31, 370879
List the prime factors of 526087493.
71, 2089, 3547
List the prime factors of 74689264.
2, 13, 419, 857
List the prime factors of 82222151.
11, 1021, 7321
List the prime factors of 415607390.
2, 5, 11, 31, 307, 397
List the prime factors of 28872536.
2, 7, 11, 4261
What are the prime factors of 476255441?
1049, 454009
List the prime factors of 457761753.
3, 16954139
List the prime factors of 1022465392.
2, 13, 19, 258721
What are the prime factors of 1509285686?
2, 29, 41, 634687
List the prime factors of 12934660.
2, 5, 151, 4283
List the prime factors of 130257529.
130257529
What are the prime factors of 2518635714?
2, 3, 7, 17, 3527501
What are the prime factors of 90985671?
3, 7, 1444217
List the prime factors of 28078852.
2, 271, 25903
What are the prime factors of 306508061?
593, 516877
List the prime factors of 16326049.
16326049
List the prime factors of 4648388.
2, 19, 31, 1973
What are the prime factors of 310005262?
2, 7, 599, 5281
List the prime factors of 24080555.
5, 59, 81629
List the prime factors of 37581684.
2, 3, 7, 447401
List the prime factors of 33252034.
2, 17, 978001
What are the prime factors of 144358756?
2, 37, 293, 3329
List the prime factors of 774220296.
2, 3, 23, 61, 22993
List the prime factors of 2656555391.
7, 1579, 240347
What are the prime factors of 476790134?
2, 71, 3357677
What are the prime factors of 860269146?
2, 3, 11, 67, 194543
List the prime factors of 1672420852.
2, 418105213
What are the prime factors of 1704110584?
2, 11, 47, 412019
List the prime factors of 111145569.
3, 37048523
List the prime factors of 827435598.
2, 3, 11, 19, 29, 61, 373
What are the prime factors of 73127302?
2, 17, 71, 30293
List the prime factors of 447774867.
3, 43, 241, 4801
What are the prime factors of 2150772250?
2, 5, 11, 31, 25229
List the prime factors of 9559422.
2, 3, 531079
List the prime factors of 2254067147.
19, 151, 397, 1979
List the prime factors of 270838671.
3, 101, 893857
List the prime factors of 46496834.
2, 23248417
List the prime factors of 102267773.
103, 992891
List the prime facto